= 2*d, -d - 3 - 1 = 3*s. Suppose 0 = 5*h - 5*p - 215, 0 = -2*h - d*p - 0*p + 72. What is the remainder when h is divided by 11?
8
Let u(v) be the first derivative of 2*v**3/3 + 4*v**2 + 6. What is the remainder when u(-6) is divided by 9?
6
Let o be 12/(-8) - (-14)/4. Suppose -2*t = o*t - 56. Calculate the remainder when t is divided by 8.
6
Let b = 135 + -68. Let v = b - 6. Calculate the remainder when v is divided by 21.
19
Let w = 20 + -14. Let g be -1*(-3)/1 - 0. Suppose g*l - 2*r - 47 = 0, -4*r - 6 = -7*r. Calculate the remainder when l is divided by w.
5
Let o = 224 - 190. Suppose 36 = 2*w + 5*x, 0*w - 72 = -4*w + 2*x. What is the remainder when o is divided by w?
16
Let w be (-5 + -16)*(-8)/(-6). What is the remainder when 25 is divided by (w/8 - -3)*-14?
4
Suppose p - 4*p = 0. What is the remainder when 11 is divided by (9 + p)/(6/4)?
5
Let a = -11 - -10. Let p be -1 + 0 + -12 + a. Let x = -1 - p. What is the remainder when x is divided by 4?
1
Suppose -2*g + 11 = -23. What is the remainder when g is divided by 3?
2
Let f be 1 + -2 - 24/(-4). Let k = f - 2. Calculate the remainder when 5 is divided by k.
2
Let m(z) = -z**3 - z**2 + 13. Suppose -l - l = -12. Suppose l*q - 100 = 2*q. What is the remainder when q is divided by m(0)?
12
Let g(j) = j**2 + 18. Suppose 0 = -b - 3*s + 19, b + 4*s - 6 - 17 = 0. What is the remainder when g(0) is divided by b?
4
Let q(y) = -5*y + 5*y + 5 + 2*y. Let i = -13 - -21. What is the remainder when 41 is divided by q(i)?
20
Suppose 0 = 4*q + 2*s - 28, s + 0 = q - 13. What is the remainder when 35 is divided by q?
8
Suppose 2*h - h = 2. Let o(i) = -2*i - 1 + 0*i - h. What is the remainder when 36 is divided by o(-8)?
10
Suppose -3*q + 5*h - 19 = q, -4*q + h - 23 = 0. Let a = 11 - 7. What is the remainder when (3/q)/(-1)*20 is divided by a?
2
Suppose 3*q + 52 = 5*b, 5 = -b + 2*b. Calculate the remainder when 32 is divided by (3/q)/(5/(-165)).
10
Let k(n) = -14*n. Let q be k(1). Let o = -37 - -88. Let i = q + o. Calculate the remainder when i is divided by 13.
11
Let g(q) = q + 11. Let v be g(-8). Let p = 4 - v. Suppose 2*l - 8 = 2*a, a - 2*l + 7 = -2. What is the remainder when p is divided by a?
0
Let c = 269 + -126. Calculate the remainder when c is divided by 18.
17
Let s(g) = -g**3 + g**2 + 9. Let d = -23 + 41. Let n = d + 15. What is the remainder when n is divided by s(0)?
6
Suppose 0 = -3*z - z + 64. Let s = 17 + 29. What is the remainder when (s/(-3))/(1/(-3)) is divided by z?
14
Let u(i) = i**2 - 2*i - 4. Let v be u(3). Let q = 115 - 69. What is the remainder when q is divided by (v/(-2))/(1/48)?
22
Suppose -6*i = -4*i - 20. What is the remainder when 346/18 - (-22)/(-99) is divided by i?
9
Let y(d) = -d + 55. What is the remainder when 197 is divided by y(15)?
37
Suppose 2*n + 20 = 6*n. Let g = -6 - -25. What is the remainder when g is divided by n?
4
Suppose -3*g + 56 = -4*s, -6*g = -11*g + 3*s + 86. Let d be (5 - 7) + (1 - -119). Let v = d - 71. What is the remainder when v is divided by g?
15
Let f be -14*((-3)/(-6))/(-1). Suppose -7 = -4*n + 5*z, -3*n - 17 = -f*n - 5*z. Suppose n*q = 12 + 3. Calculate the remainder when 9 is divided by q.
4
Suppose -f = -3*x + 107, 5*x + 2*f - 169 = 6*f. Calculate the remainder when 108 is divided by x.
34
Let r(w) = w**2 + 18. What is the remainder when 51 is divided by r(0)?
15
Let c = -156 - -164. What is the remainder when 23 is divided by c?
7
Suppose 3*g - g = 20. What is the remainder when 58 is divided by g?
8
Suppose 5*w = -0*w + 375. Let i = -44 + w. Let c = i - 21. Calculate the remainder when c is divided by 4.
2
Suppose -19 = 2*a + 1. What is the remainder when ((-24)/(-10))/(3/45) is divided by 15/a*38/(-3)?
17
What is the remainder when 24 is divided by (-2)/(-5) - 69/(-15)?
4
Let c(s) = -s**2 - 12*s - 11. What is the remainder when 51 is divided by c(-10)?
6
Let h be -6*((-1)/1 + 0). Let q be (h/(-12))/(2/(-12)). Let t(f) = 3*f + 1. What is the remainder when 28 is divided by t(q)?
8
Calculate the remainder when 65 is divided by 1*60/3 - (5 + -2).
14
Let n = 8 + -8. Suppose n*t = 4*t - 148. What is the remainder when t is divided by 19?
18
Let z = -5 - -26. Suppose 4*m - m - z = 0. What is the remainder when m is divided by 10*(84/(-35))/(-6)?
3
Suppose -2*r + 21 + 1 = 2*a, 2*a + 26 = 2*r. What is the remainder when 33 is divided by r?
9
Let w be (-54)/(-8) - 6/8. Suppose 10 = 5*z - 5, -2*z = 4*u - 174. What is the remainder when (7 - 0)/(w/u) is divided by 17?
15
Suppose -4*c = -4*v - v - 12, 2*v + 6 = 2*c. Suppose -c*w + 12 = -21. Suppose -4*r + w + 37 = 0. What is the remainder when 34 is divided by r?
10
Let a(y) = 14*y + 4. Let g(h) = -7*h - 2. Let k(i) = -2*a(i) - 5*g(i). What is the remainder when k(3) is divided by 13?
10
Let f = 2 - 0. Suppose 6 = 4*b - 14. Calculate the remainder when b is divided by f.
1
Suppose -p = 2*p. Let q = 2 + p. Calculate the remainder when -2*-13*1/q is divided by 7.
6
Let x(b) = -5*b - 11. Let h = -14 + 29. What is the remainder when x(-8) is divided by h?
14
What is the remainder when 24 is divided by (-2)/8 + (-212)/(-16)?
11
Suppose -2*g + 2 + 11 = c, -2*g + 23 = 3*c. Let v = -9 - -18. What is the remainder when v is divided by c?
4
Let g = 9 - -5. Let m = 106 + -67. Calculate the remainder when m is divided by g.
11
Let k = 92 + -79. What is the remainder when -2 - (-39 + 1 + -2) is divided by k?
12
Suppose -o + 3 = -3*r, 3*o + 3*r - 9 = 2*r. Let j = o + 1. Calculate the remainder when j is divided by 3.
1
Suppose -o = o - 30. Let g(h) = -h**3 - 5*h**2 + 7*h - 4. Let r be g(-6). Let x = 19 + r. What is the remainder when o is divided by x?
6
Suppose a - 31 = -2. Let o = 12 + a. Calculate the remainder when o is divided by 14.
13
Let d(m) = 3*m**2 + 35*m + 23. Let q(w) = 6*w - 3. Let u(r) = 25*r - 12. Let s(y) = 26*q(y) - 6*u(y). What is the remainder when d(-12) is divided by s(4)?
17
Let z = -15 - -25. Calculate the remainder when z is divided by 6.
4
Suppose -3 + 12 = 3*d. Suppose -d*g = 2*r - 41, -3*r + 15 = 5*g - 54. What is the remainder when 44 is divided by g?
14
Suppose -5*x + 11 = -2*g, 4*x + 2*g = -g + 18. Suppose -7*q = -x*q - 28. Suppose -q*r + 18 = -5*r. Calculate the remainder when 26 is divided by r.
8
Let l = 11 + -7. Let x be (-15)/6*20/(-25). Let f = l - x. Calculate the remainder when f is divided by 1.
0
Suppose 0*h + 2*j = -h + 4, -3*j + 6 = 4*h. Suppose 48 = q + 5*u, q - 4*u = -h*u + 30. What is the remainder when q is divided by ((-15)/(-2) + -1)*2?
12
Let y(j) = -j**2 - 5*j + 7. Let r be y(-6). Let o = r - -2. Suppose 5*k = 3*k - 10, 3*x - 42 = o*k. What is the remainder when 17 is divided by x?
8
Let v = 41 + -21. Let i = -19 - -5. What is the remainder when v is divided by (-4)/i - (-235)/35?
6
Let n be (8/(-10))/(2/(-5)). Suppose 0 = -4*f + n*f + 58. Calculate the remainder when f is divided by 15.
14
Let w(f) = -f + 2. Let r(c) = -2*c - 3. What is the remainder when r(-7) is divided by w(-5)?
4
Let h(q) = 7*q + 64. What is the remainder when h(-6) is divided by 5?
2
Let l(t) = -t**2 + 5*t + 6. Let x be l(6). Let i be 0 + (0 - x) + -32. Calculate the remainder when 2/(-3) + i/(-3) is divided by 4.
2
Suppose -x - 5*b = -22, -x - 3*b - 14 = -7*b. Calculate the remainder when 51 is divided by (9/(-2))/(x/(-8)).
15
Calculate the remainder when 48 is divided by (-784)/(-77) - 2/11.
8
Let z(k) = k**3 + 5*k**2 + k - 2. Calculate the remainder when 77 is divided by z(-4).
7
Let u(d) = -9*d + 9*d + d**2. What is the remainder when u(-6) is divided by 19?
17
Suppose 28 = 2*s + 6. What is the remainder when s is divided by 5?
1
Let u(w) = -w**3 - 3*w - 2*w + 0*w**3 - 3*w**2 - 2 + 0*w**3. Calculate the remainder when 37 - -1 - (3 - 3) is divided by u(-3).
12
Let m(k) = 2*k**2 + k - 1. What is the remainder when m(4) is divided by ((-4)/5)/(1/(-15))?
11
Suppose 0 = -3*y - 2*y - 3*u + 29, -2*y + 20 = -3*u. Calculate the remainder when 13 is divided by y.
6
Suppose 0 = 4*r - 26 - 206. Suppose 3*i = -4*q + 48 + 10, 2*i - 35 = q. Suppose -u + 2 + i = 0. Calculate the remainder when r is divided by u.
18
What is the remainder when ((-1)/2)/((-5)/140 + 0) is divided by 8?
6
Suppose -x + 2*r + 32 = 5*r, 5*x - 4*r - 65 = 0. Calculate the remainder when 65 is divided by x.
14
Suppose -3*j = -